{"id":71,"date":"2019-11-03T21:34:38","date_gmt":"2019-11-03T20:34:38","guid":{"rendered":"http:\/\/carbonneutral2035.hamburg\/?page_id=71"},"modified":"2019-11-03T21:42:51","modified_gmt":"2019-11-03T20:42:51","slug":"die-stadt-als-experimentierfeld","status":"publish","type":"page","link":"https:\/\/carbonneutral2035.hamburg\/?page_id=71","title":{"rendered":"Die Stadt als Experimentierfeld"},"content":{"rendered":"\n<p>Das wachsende Interesse an &#8211; lokalen &#8211; Experimenten in Sachen  Klimaschutz ist eine Reaktion auf die offensichtlich ausbleibenden Erfolge bei der Umsetzung nationaler und internationaler Klimaschutzziele. Die Hoffnung liegt auf &#8222;Learning by Doing&#8220;, dem Aufzeigen neuer Handlungsoptionen, dem Bereitstellen gesch\u00fctzter Nischen. Und Experimente ver\u00e4ndern den Blick auf die Welt.<\/p>\n\n\n\n<p>Dar\u00fcber hinaus ist ein experimenteller Zugang zu Politik selbst die angemessene, innovative Form der Politik-Praxis angesichts komplexer, un\u00fcbersichtlicher und schnell ver\u00e4nderlicher Handlungsfelder voller Widerst\u00e4nde und Widerspr\u00fcche, in denen vorgefertigte L\u00f6sungsrezepte in der Regel nicht den gew\u00fcnschten Erfolg bringen. Die Klimakrise ist ein &#8222;vertracktes Problem&#8220; (wicked problem), dem mit einfachen L\u00f6sungen nicht beizukommen ist. Politikexperimente k\u00f6nnen Systeminnovationen unterst\u00fctzen: durch soziales Lernen, ambitionierte Zielsetzungen, gelebte Praxis &#8211; inmitten von Unsicherheit und Mehrdeutigkeit. Politikexperimente sind angemessen in einer Welt mit einer wachsenden Zahl dezentraler Akteure, die eigenst\u00e4ndig Klimaschutz voranbringen. <\/p>\n\n\n\n<p>Experimente alleine reichen allerdings nicht. Sie bringen uns unmittelbar unserem Ziel nur wenig n\u00e4her, erst wenn wir Experimente strategische einbetten, wir aus Ihnen lernen und die erfolgreichen Experimente im gro\u00dfen Stil vervielfachen zeigen sie Wirkung. Die strategische Herausforderung liegt jenseits der Experimente &#8211; was folgt danach, wie ver\u00e4ndern sie zuk\u00fcnftige Institution, Normen, Politiken &#8211; wie werden sie in die Zukunft eingebettet? Erst mit der strategischen Einbettung weisen Experimente \u00fcber sich hinaus.<\/p>\n\n\n\n<p>Stellt Euch vor, die gesamte Hamburger Verwaltung, Wirtschaft und Wissenschaft beteiligt sich f\u00fcr zwei Wochen an einem Online-Spiel f\u00fcr die Entwicklung konkreter Ideen f\u00fcr den Klimaschutz in Hamburg. Was wollen wir tun? So geschehen f\u00fcr die Strategieentwicklung der US Marine in 2013.<\/p>\n\n\n\n<p>Experimente: Autofreie Innenstadt \/ zeitlich begrenzte Sperrung der Stra\u00dfen im Rathausquartier. Ottensen macht Platz &#8211; 6 Monate &#8211; was hei\u00dft das Experiment f\u00fcr Hamburg. Regionalwert AG &#8211; bereits am Skalieren (4x)<\/p>\n\n\n\n<p>Referenzen<\/p>\n\n\n\n<ul class=\"wp-block-list\"><li>Turnheim, B., Kivimaa, P., &amp; Berkhout, F. (2018). Beyond Experiments. In Innovating Climate Governance: Moving Beyond Experiments (pp. 1-26). Cambridge University Press.<\/li><li>Aten, K., &amp; Thomas, G. F. (2016). Crowdsourcing strategizing: communication technology affordances and the communicative constitution of organizational strategy. International Journal of Business Communication, 53(2), 148-180.<\/li><\/ul>\n\n\n\n<p style=\"text-align:right\" class=\"has-small-font-size\"><em>V01 &#8211; 03.11.2019<\/em><\/p>\n","protected":false},"excerpt":{"rendered":"<p>Das wachsende Interesse an &#8211; lokalen &#8211; Experimenten in Sachen Klimaschutz ist eine Reaktion auf die offensichtlich ausbleibenden Erfolge bei der Umsetzung nationaler und internationaler Klimaschutzziele. Die Hoffnung liegt auf &#8222;Learning by Doing&#8220;, dem Aufzeigen neuer Handlungsoptionen, dem Bereitstellen gesch\u00fctzter Nischen. Und Experimente ver\u00e4ndern den Blick auf die Welt. Dar\u00fcber hinaus ist ein experimenteller Zugang &hellip; <\/p>\n<p class=\"link-more\"><a href=\"https:\/\/carbonneutral2035.hamburg\/?page_id=71\" class=\"more-link\"><span class=\"screen-reader-text\">\u201eDie Stadt als Experimentierfeld\u201c <\/span>weiterlesen<\/a><\/p>\n","protected":false},"author":1,"featured_media":0,"parent":0,"menu_order":0,"comment_status":"closed","ping_status":"closed","template":"","meta":{"footnotes":""},"class_list":["post-71","page","type-page","status-publish","hentry"],"jetpack_sharing_enabled":true,"_links":{"self":[{"href":"https:\/\/carbonneutral2035.hamburg\/index.php?rest_route=\/wp\/v2\/pages\/71","targetHints":{"allow":["GET"]}}],"collection":[{"href":"https:\/\/carbonneutral2035.hamburg\/index.php?rest_route=\/wp\/v2\/pages"}],"about":[{"href":"https:\/\/carbonneutral2035.hamburg\/index.php?rest_route=\/wp\/v2\/types\/page"}],"author":[{"embeddable":true,"href":"https:\/\/carbonneutral2035.hamburg\/index.php?rest_route=\/wp\/v2\/users\/1"}],"replies":[{"embeddable":true,"href":"https:\/\/carbonneutral2035.hamburg\/index.php?rest_route=%2Fwp%2Fv2%2Fcomments&post=71"}],"version-history":[{"count":2,"href":"https:\/\/carbonneutral2035.hamburg\/index.php?rest_route=\/wp\/v2\/pages\/71\/revisions"}],"predecessor-version":[{"id":74,"href":"https:\/\/carbonneutral2035.hamburg\/index.php?rest_route=\/wp\/v2\/pages\/71\/revisions\/74"}],"wp:attachment":[{"href":"https:\/\/carbonneutral2035.hamburg\/index.php?rest_route=%2Fwp%2Fv2%2Fmedia&parent=71"}],"curies":[{"name":"wp","href":"https:\/\/api.w.org\/{rel}","templated":true}]}}